t of -6*(9/6 + m)?
9
Let z be ((-73)/2)/((-1)/2). Suppose 0 = -4*a + 4, -2*o = 3*o + 3*a - z. Suppose -x = x - o. What is the units digit of x?
7
Let m be (-9 - 1)*(1 + 0). Let y = m - 2. Let v = -8 - y. What is the units digit of v?
4
Suppose 5*q = 2*r - r + 262, -2*r - 259 = -5*q. Let f = q - 32. What is the units digit of f?
1
Suppose z - 2*v + 2 = -1, 3*z - 27 = -3*v. Let f(r) = -r**2 - 10*r - 6. Let s be f(-9). Let p = z + s. What is the units digit of p?
8
Suppose 2*x = 4, 4*p + x + 4*x - 302 = 0. What is the tens digit of p?
7
Let l be (-2)/6 + (-8)/(-6). Suppose 2*q - r - 36 = 0, 2*q - 5*r + 1 = 45. What is the units digit of q - (0 + 1 + l)?
5
Let i be -2*1 + 5*1. Suppose 0*w - 2 = 5*w - 2*n, -3*n = -3. Suppose w = -i*q + 20 + 16. What is the tens digit of q?
1
Suppose -n - 28 = 3*w, -2*n + 3*w = 15 + 50. Let s = 56 + n. What is the tens digit of s?
2
What is the units digit of -2 - 6/4*(-564)/18?
5
Let j(q) = 18*q**3 - 11*q**2 - 8*q - 8. Let o(g) = 6*g**3 - 4*g**2 - 3*g - 3. Let v(n) = -4*j(n) + 11*o(n). What is the units digit of v(-2)?
9
Let w(t) = -2*t**2 + 1. Let u be w(1). Let o = -1 - u. Let v = 2 - o. What is the units digit of v?
2
Let w(f) = -f**2 - 6*f + 4. Let q = -3 + 1. Let g be (q - -4) + 1*-7. What is the units digit of w(g)?
9
What is the units digit of 4/2*324/24?
7
Suppose 0 = -4*a + 33 + 31. What is the units digit of 140/a - (-3)/12?
9
Let g = 253 + -173. Suppose 17 = 4*c - m - g, -2*m = 10. What is the units digit of c?
3
What is the tens digit of ((-30)/12)/((-2)/12)?
1
Suppose -5*q + 43 = 3*j - 115, -2*j + 2*q + 116 = 0. What is the tens digit of j?
5
Let q be 0 - -3 - (-9 + 11). Let y(p) be the second derivative of p**3/3 - p. What is the units digit of y(q)?
2
Suppose 3*h = -0*h. Let j(c) = 4*c + h*c - 3 - 3*c. What is the units digit of j(5)?
2
Suppose 0 = 5*p + 38 + 62. What is the units digit of (32/p)/((-4)/50)?
0
Suppose -4*f + 7 = c, 3*c - 2*c = -1. Suppose f*x - 25 = -3*x. Suppose -2 = -g - x*y, g + 0 - 2 = -2*y. What is the units digit of g?
2
Suppose s - 87 = 2*w, 5*s + 3*w - 279 - 169 = 0. What is the tens digit of s?
8
What is the tens digit of 93/6*4/2?
3
Let s be ((-2)/2 + 2)*61. Suppose -5*x - 5*g + s = 11, -35 = -2*x + 3*g. What is the units digit of x?
3
Let k(x) = -x**3 + 6*x**2 + 2*x - 9. Let w be 6/(-4)*(-1 + -19). Suppose -2*t = 3*t - w. What is the units digit of k(t)?
3
Let m = 4 + -5. Let y(h) = h + 5. Let j(z) = z. Let u(d) = m*y(d) + 2*j(d). What is the units digit of u(6)?
1
Suppose -5 = -2*h + 37. Let v = -20 + h. What is the units digit of v?
1
What is the units digit of (-1)/6 - (-2431)/78?
1
Let l(k) = 2*k - 6. Let f(y) = -2*y + 6. Let i(h) = -5*f(h) - 4*l(h). What is the units digit of i(10)?
4
Let i(v) be the third derivative of v**6/120 - v**5/12 + v**4/24 - v**3/2 - v**2. What is the units digit of i(5)?
2
Let r(m) = m**3 - 4*m**2 + 11*m - 8. What is the tens digit of r(6)?
3
Let v(t) = -t**3 - 2*t**2 - 4*t - 4. Let d be v(-2). What is the tens digit of 4*d/(24/15)?
1
Suppose -3*b + 101 = 32. What is the units digit of b?
3
Suppose 17 + 1 = y. What is the tens digit of y?
1
Let c(t) = t**2 + 19. Suppose 4*x + i + 2 = 0, -3*i - 2 = -4*x + 4. What is the tens digit of c(x)?
1
Let o be (12/21)/(6/63). Let z = o + 1. What is the units digit of z?
7
Let d = 12 - -16. What is the tens digit of d?
2
Let p be (-2)/(-4) - 42/(-12). Let g = 15 - p. What is the units digit of g?
1
Suppose 4*x + 17 = w, 0*x = -2*w - 2*x + 14. Suppose -4*b + 11 + w = 0, 4*a - 5*b = 23. Suppose -5*t + 23 = -a. What is the units digit of t?
7
Let f be (2 + 20/(-6))*-3. Suppose 2 = -7*u + 23. Let q = f - u. What is the units digit of q?
1
Let y = 381 + -77. What is the hundreds digit of y?
3
Let n(m) = -5*m**2 + 11*m - 9. Let h(g) = -2*g - 2. Let y be h(-2). Let u(f) = -f**2 + 2*f - 2. Let j(q) = y*n(q) - 11*u(q). What is the units digit of j(-3)?
3
Let s be 2*1/(-2) + 4. Suppose -3*j - 69 = -2*n, 5*n = -3*j + 117 + s. Let g = -19 + n. What is the units digit of g?
8
What is the tens digit of 28*(-3)/(-6) + -4?
1
Let l(a) = a**2 - 2*a - 6. What is the units digit of l(4)?
2
Let m be 33 + (0 - 3 - -2). Suppose 0 = 3*g - g - m. What is the tens digit of g?
1
Suppose 19*v - 15*v = 64. What is the tens digit of v?
1
Let c(m) = 2*m + 7. Let x be c(-6). What is the tens digit of x*(-1)/(1/2)?
1
Let b(n) = 8*n - 1. Let z be b(1). Suppose -2*f - z = 5*o - 40, 0 = f + o - 21. Suppose f = 5*p - v, -p - 2*p - 3*v = 0. What is the units digit of p?
4
Suppose 6*s - 4*s = 106. What is the units digit of s?
3
Let v be (-12)/(-18) - (-25)/3. Suppose -v = -g + 1. What is the tens digit of g?
1
Let l be 2/(-11) + 1720/22. Suppose -u + l = 5*g, 0 = -4*g + 3*g - 5*u + 30. What is the units digit of g?
5
Let t = 42 - -26. What is the units digit of t?
8
Suppose 3*s + 3*w = -12, -2*s + 1 = -3*w - 1. What is the tens digit of (11/s)/(1/(-2))?
1
Let o = 9 - 8. What is the units digit of (70/(-15))/(o/(-3))?
4
Let o(t) = t**3 - 7*t**2 + 4*t. Let f be o(6). Suppose 2*g - 18 = 3*v + 15, -5*g + 57 = v. What is the tens digit of 123/g - (-3)/f?
1
Suppose -d + 4 = 7. Let t = -3 + 7. Let g = d + t. What is the units digit of g?
1
Suppose 0 = -5*n - p + 24, n = -3*p + 14 + 2. Suppose 3 - 19 = -n*i. Suppose -5*o = -5*h - 40, 0 = i*o + 2*h - 32. What is the units digit of o?
8
What is the hundreds digit of -2 - (1 - 109) - (-1)/(-1)?
1
Let d = 49 - -77. What is the tens digit of d?
2
Let u be 3/2*3*-2. Let v = -6 - u. Let i = v + 3. What is the units digit of i?
6
Let x(c) = -c**2 - 3*c + 2. Let r be x(-3). Suppose -4*d - w + 21 = 0, -4*w - r = -4*d + 14. Suppose d*h + 3 - 78 = 0. What is the tens digit of h?
1
Let r(x) = -10*x**3 + 2*x**2 + 3*x - 2. What is the units digit of r(-2)?
0
Suppose 0*r - 4*r = 3*f - 41, -29 = -2*f - r. Suppose -d - 13 = -6*m + 3*m, 5*m - 5*d - f = 0. Let t = m + -1. What is the units digit of t?
4
What is the tens digit of 3236/24 - 4/(-24)?
3
Let i = 1 + -3. Suppose -n + 7*n + 180 = 0. What is the units digit of (i/(-3))/(-2)*n?
0
Let h(f) = f**3 - 5*f**2 - 7*f + 5. What is the tens digit of h(7)?
5
Suppose -4*k - 26 = -2*k. Let j = k + 17. What is the units digit of j?
4
Let k(p) = p - 2. Let w be k(-2). Let b be (2/w)/((-1)/(-6)). What is the units digit of (-21)/b + 1/(-1)?
6
Let c(s) = -s**3 + 4*s**2 + 7*s - 10. What is the tens digit of c(4)?
1
Let s(c) = -c**3 - 6*c**2 - 5*c - 6. Let i be s(-5). Let z = i + 10. What is the units digit of z?
4
Suppose -3*l + 5*h = -11, -4*l + 0*l - 3*h + 5 = 0. Let o = 20 + l. What is the tens digit of o?
2
Let n(x) = -x**2 + 13*x - 5. What is the tens digit of n(9)?
3
Let f = 10 - 4. What is the units digit of f?
6
Let s be (-4 - -4) + 5 + -1. Suppose d = -2*d - 5*a + 126, s*d - a - 168 = 0. What is the units digit of d?
2
Let v(f) = f**3 + 6*f**2 - 7*f + 4. What is the units digit of v(-7)?
4
Let c be 3/(((-45)/24)/5). Let k = 24 - c. Let w = -17 + k. What is the tens digit of w?
1
Suppose 0*n + 30 = 2*n. Suppose 3*t = -2*t + n. Suppose -5*x + 18 = -t*f, 0 = -3*x - 4*f + 5. What is the units digit of x?
3
Let d(l) = l**2 - 3*l + 2. Let z be d(3). Suppose -23 + 2 = 2*w - 5*r, -13 = -4*w - r. Suppose -z*u = -w*n - 0*n - 4, -u = -2*n. What is the units digit of u?
4
Let w(d) = -8*d + 5. What is the units digit of w(-4)?
7
What is the tens digit of -4*1*((-195)/(-2))/(-5)?
7
Suppose 0 = -7*d + 2*d. Let o(i) = -1 + 2*i + i + d*i. What is the units digit of o(3)?
8
Suppose -4*d = -16, -3*v + d - 325 = -6*v. What is the hundreds digit of v?
1
Let c(b) be the third derivative of b**6/180 - b**5/40 + b**4/12 - b**3/3 + 3*b**2. Let a(y) be the first derivative of c(y). What is the units digit of a(2)?
4
Let h = -32 + 79. What is the tens digit of h?
4
Suppose -4*w - 5*y = -241, -w - 2*w - 5*y = -177. Suppose 0 = -5*q + 9*q - w. What is the units digit of q?
6
Suppose 2*w - 131 = 9. What is the units digit of w?
0
Let r(f) = -5 - 10*f**2 + 22*f**3 + 11*f - 21*f**3 + 2*f**2. What is the tens digit of r(7)?
2
Suppose 0 = -4*c + 5*l - 12, -6*c - 3*l + 12 = -9*c. Suppose -3*n + 8 = 29. Let f = n - c. What is the units digit of f?
1
Let y = 204 - 334. Let a = -87 - y. What is the tens digit of a?
4
Let q(u) = u**2 - 11*u - 4. Let p(m) = -m**2 + 10*m + 3. Let b(l) = 4*p(l) + 3*q(l). 